(-11). Let j = s + 3074. Is j a composite number?
False
Let g = -7357 + 17729. Let o = g - 7019. Is o a prime number?
False
Suppose 5*s = 5*i - 928675, 5*i + 1467*s - 928651 = 1468*s. Is i composite?
True
Is (-33512 - 164)*(-2)/8 prime?
True
Let t(x) = x**3 + 12*x**2 - 19*x - 16. Let f be t(-15). Suppose 6779 - 764 = 5*o. Let i = f + o. Is i a composite number?
False
Suppose 0*f = 4*f + 6*f - 25790. Is f a prime number?
True
Suppose -2*m - 3*h - 3 = -0*m, 0 = 2*m + 5*h + 13. Suppose -m*f = -17*f + 22. Suppose 4*t = f*o + 6930, 3*o - 8*o = -3*t + 5180. Is t composite?
True
Is (267/12)/(10/4520) a composite number?
True
Suppose 361035 = 5*q - 5*v, 4*q + 19*v - 15*v - 288860 = 0. Is q a prime number?
True
Let w be -1 + 14 + 12/((-42)/7). Suppose 8931 = w*x - 4192. Is x prime?
True
Suppose 0 = 6*z + 1421 - 6701. Let q = z + 481. Is q composite?
False
Suppose b - z = 54683, -7 = 3*z - 13. Is b prime?
False
Let g(y) = -y**2 + 12*y - 15. Let o be g(7). Let v = o - 28. Is 20/6*(-12)/v*79 a prime number?
False
Let i = 13 - -8. Let c(f) = 29*f**2 - 4*f + 7*f**2 - i - 7*f. Is c(-8) prime?
True
Suppose -5*d - 1746546 = -9*d + 2*m, -3*m = 9. Is d/675 + 2/15 prime?
True
Let x(p) = -3*p**3 - 5*p**2 - 16*p + 13. Suppose 7*v = -z + 8*v - 9, -v + 41 = -5*z. Is x(z) composite?
True
Let c = 2718792 - 1859253. Is c a prime number?
False
Is 3 - 9/2 - (-2468415)/30 a composite number?
False
Let r(n) = -n + 12. Let t be r(8). Is 201*-183*3/(-27) - t prime?
False
Suppose 18*o - 320 = 22*o. Let d = o - -48. Let y = d - -99. Is y a composite number?
False
Suppose 127*g - 2528912 = 1054955 + 7044636. Is g a prime number?
True
Suppose -4*k = -5*r - 9*k + 90, 3*r + k - 46 = 0. Suppose 72415 = r*i - 9*i. Is i composite?
True
Let d(l) be the third derivative of -l**6/120 - l**5/6 + 7*l**4/12 + 5*l**3/2 - 21*l**2. Let v be d(-11). Is (-33522)/v - (-8)/(-6) prime?
True
Suppose -31*z - y = -36*z + 122963, -2*z + 49182 = -2*y. Is z a prime number?
True
Let z = -385 + 174. Let a be (-3249)/6 + 1/(-2). Let m = z - a. Is m a composite number?
False
Let o = -23 - 0. Let b(q) = q**3 + 14*q**2 + 10*q - 14. Let t be b(-10). Let m = t + o. Is m a prime number?
True
Let q = 17547 - -1894. Is q a composite number?
False
Let y(p) = 41*p**2 - 41*p - 284. Let k be y(-8). Suppose -48*b + 44*b + k = 0. Is b composite?
True
Let m = -9606 + 67873. Is m prime?
False
Is (-1603691)/(-89) - (-4 - 4/(-2)) a composite number?
True
Let b = 16808 - 9267. Suppose -14*o + b = -4373. Is o prime?
False
Let v(u) = 773*u**2 + 27*u - 17. Let k be v(8). Suppose 85*h = 76*h + k. Is h prime?
True
Suppose -5*z + 208 = -m, 5*z - 5*m + 14 = 214. Suppose -2*q + 162 = 5*p, 0*p = 2*p - 4*q - 60. Let w = z + p. Is w prime?
False
Let s(u) = 470837*u**3 + 5*u**2 - 3. Is s(1) a prime number?
False
Suppose 5*c - 3*r + 5*r = 7042253, -4*r = 24. Is c prime?
True
Let f(q) = q**2 + 14*q + 2. Let y be f(-14). Suppose 5*c = 3*a - 3 + 12, 11 = -y*a + 5*c. Suppose -s = -a*s + 733. Is s prime?
True
Is 127551/1 - (100 - 90) a composite number?
False
Suppose t + 200801 = 2*f, 0 = 3*f + 5*t + 58928 - 360162. Is f a prime number?
True
Suppose 0*a - 8445 = -5*a. Let u be (-8 - (-24 + 11) - (1 + 5))*-4. Suppose 7*s - u*s = a. Is s a composite number?
False
Let s(x) = 26*x**2 + 28*x - 17. Let f(h) = h**2 - 7*h + 3. Let a be f(8). Suppose -a = 9*m - 10*m. Is s(m) a composite number?
True
Let w(q) = 3*q + 5. Let a be w(1). Is (8 + -12)*(-28358)/a a prime number?
False
Let u be ((-3)/12)/((-833535)/119076 + 7). Suppose -20*a - 903 = -u. Is a composite?
True
Is 0 + (-236172)/(-9 + 5) a composite number?
True
Let o be 24/14 + (-4)/(-14). Let a be 1*405/(o + 1). Let y = 152 + a. Is y prime?
False
Let t be 34 + -22 + (-5)/1. Suppose 5336 - 17929 = -t*d. Is d a composite number?
True
Let h(d) = -83*d**2 + 4*d + 17. Let x(w) = w**2 - w. Let l(u) = h(u) - 3*x(u). Let z(m) be the first derivative of l(m). Is z(-10) a composite number?
True
Suppose -3*h + 4 = -k, -5*k - 8 = -6*k - 3*h. Let o be (-1)/((-8)/10540) - 1/k. Suppose 3*f = 6*f - o. Is f a prime number?
True
Suppose -55*r + 148*r = 73*r + 6718340. Is r a composite number?
False
Let k = -15251 + 25912. Is k a prime number?
False
Let q(p) = -154*p**3 - 62*p**2 - 120*p + 1. Is q(-13) prime?
False
Let l = -8571 + 5640. Is 3/(-4) - (-1 + l/4) prime?
True
Let j = -157 - -622. Suppose 5*b - 435 = -4*i, -3*i - i = -b - j. Suppose 5070 - i = 5*v. Is v a composite number?
False
Let h(b) = 2*b**3 + 16*b**2 - 19*b - 1. Let t be h(-9). Let q(o) = 206*o**2 + 43*o + 25. Is q(t) a composite number?
False
Let d = 2564 + -3749. Let f = -700 - d. Is f prime?
False
Let a = -32453 - -56856. Is a prime?
False
Let j(w) = 134*w**2 + 30*w - 59. Let i be j(15). Let m = i + -15528. Is m a composite number?
False
Let g(q) = -11291*q + 986. Is g(-19) a composite number?
True
Let v(j) = 5*j - 24. Let n be v(2). Is 45986/4 + ((-35)/n)/1 prime?
False
Let s be ((-2)/3*-1)/((-4)/12). Is ((1 - 2) + -10156)/(s/2) a composite number?
True
Is (-35543826)/(-81) + (-55)/33 a composite number?
True
Let r(k) = 2*k**2 - 7*k + 6. Suppose 2*l + 457 = -5*a - 0*l, 4*a + 384 = 3*l. Let z = -88 - a. Is r(z) a composite number?
True
Suppose -845*d - 4*k + 4453557 = -842*d, 4*k = -2*d + 2969050. Is d a composite number?
False
Let o(s) = 10*s**3 - 5*s**2 - 5*s - 2. Let z be o(5). Suppose -h - 552 = -0*h + 2*b, -2*h - 2*b - z = 0. Is (508/(-6))/(52/h) prime?
False
Let o = 202392 - 120179. Is o a prime number?
False
Suppose -3*f + 33*o + 426829 = 31*o, -5*f - o = -711399. Is f prime?
False
Let p = -179144 - -370591. Is p a composite number?
False
Let j(l) = 18*l**2 + 4*l + 2. Let g be j(-3). Suppose 4*f = -k - 9, -9 = -4*k + 3*f + 12. Suppose 3*p + 1159 = 2*a, -a + k*p = -g - 420. Is a composite?
False
Let i = -107699 - -351192. Is i composite?
True
Let f be 64/224 + (-100)/7. Is (-10)/(f/(-130165)*-5) composite?
True
Suppose 3*y + 27*d - 23*d = 40647, -5*y + 2*d = -67771. Is y a composite number?
False
Suppose -10271*m + 10270*m + 5969 = 0. Is m composite?
True
Let k(a) = 2*a**3 - 3*a**2 - 5*a + 17. Let f = 62 + -20. Let i = f - 35. Is k(i) prime?
True
Let j(z) = -71*z + 177. Let a(n) = -3*n + 1. Let u(l) = -4*a(l) + j(l). Is u(-6) a composite number?
True
Suppose 309775410 = 324*s + 306*s. Is s composite?
False
Let u(p) = 65*p**2 + 73*p - 101. Is u(35) composite?
True
Let c be (5 + -1)*(-542)/4. Suppose -2*r = -3 + 5, -5*t + 5*r = 1915. Let f = t - c. Is f composite?
True
Is (-1 - (-3 - -1))/(10*(-14)/(-1980020)) composite?
False
Let h = 1052 - 422. Is 3/(-6) + h/4 prime?
True
Let d(o) = -58966*o + 2193. Is d(-23) a composite number?
False
Let p(g) = g**2 + 8*g - 38. Let b be p(-11). Let m = b + 9. Is 4 + 9/(-2) + 806/m a prime number?
False
Let w(l) = -24*l**3 - 3*l - 5. Let h be (-80)/(-4)*(2 - 0)/8. Suppose 9 = -p + h. Is w(p) a composite number?
False
Is 636/106*(-298671)/(-18) composite?
True
Let i(s) = 0*s**2 - 1 + 0 + 2 + 3*s**2. Let f be i(-1). Suppose 5*c - f*u - 352 = 33, -4*u = c - 77. Is c a composite number?
True
Let c(l) = 3*l**3 + l**2 + l - 2. Let s be c(2). Let h = -26 + s. Suppose 0 = 2*t + h*t - 152. Is t prime?
False
Let z = 81 + 83. Suppose 5*x = -0*x + 20. Suppose x*b - z + 32 = 0. Is b a prime number?
False
Let p = -614 - -341. Let u = 134 - p. Is u a composite number?
True
Suppose 8497051 = 16*a - 4*a - 2500961. Is a composite?
False
Let i be 10/(-4)*99/15*166. Let l = i + 1905. Let m = -323 - l. Is m a prime number?
False
Suppose 3*s + 16 = 6*j - 10*j, 16 = -2*s - 4*j. Suppose s = f - 5*z - 11978, -4*z + 35839 = 3*f - 0*f. Is f a prime number?
True
Let r be (-3)/(-20 - -17 - (-1 + -1)). Suppose -p - r*p = -20, 5*x = -5*p + 4290. Is x a composite number?
False
Let c = 102 - -1583. Is c composite?
True
Suppose 4*l = 175250 + 190270. Suppose -10*r = -18890 - l. Is r a prime number?
True
Let l = -52 - -58. Let r be (1 - l)*(-48)/(-40). Let y(o) = -36*o - 13. Is y(r) composite?
True
Let l be 4/(-12) + (-57)/(-9). Suppose 0 = -0*r + l*r - 24. Suppose -3*o + 5*o - 289 = g, 5*o - r*g = 730. Is o prime?
False
Suppose -9*x - 6651575 = -189*x + 5*x. Is x a composite number?
True
Suppose 159*o - 369995 = 448378. Is o prime?
True
Let j = 389 - 270. Let u = j - -179. Is u prime?
False
Let g = 2773 - 527. Let m = 3607 - g. Is m 